t are the prime factors of 139297328?
2, 2749, 3167
List the prime factors of 38157147.
3, 7, 61, 9929
What are the prime factors of 1485231662?
2, 59, 191, 65899
List the prime factors of 31169906.
2, 149, 104597
What are the prime factors of 68706019?
863, 79613
List the prime factors of 36696051.
3, 7, 27737
What are the prime factors of 618845?
5, 61, 2029
What are the prime factors of 649401524?
2, 29, 5598289
List the prime factors of 82986197.
7, 17, 29, 139, 173
List the prime factors of 65878254.
2, 3, 13, 281531
What are the prime factors of 1987224?
2, 3, 31, 2671
What are the prime factors of 12265966?
2, 47, 130489
What are the prime factors of 4651828425?
3, 5, 19, 67, 109, 149
What are the prime factors of 95022383?
95022383
List the prime factors of 1579373908.
2, 7, 271, 208141
List the prime factors of 257402625.
3, 5, 479, 1433
List the prime factors of 81301022.
2, 11, 3695501
What are the prime factors of 26229539?
7, 3747077
What are the prime factors of 271938809?
383, 710023
What are the prime factors of 2011068363?
3, 17, 31, 37, 1109
What are the prime factors of 90294126?
2, 3, 13, 103, 11239
List the prime factors of 26540181.
3, 2948909
List the prime factors of 22499279.
11, 17, 79, 1523
What are the prime factors of 1680753412?
2, 13, 31, 113, 9227
What are the prime factors of 4966657668?
2, 3, 7, 6569653
What are the prime factors of 2765147112?
2, 3, 7, 13, 140677
List the prime factors of 336356301.
3, 23, 991, 4919
List the prime factors of 756344679.
3, 29, 8693617
What are the prime factors of 25504958?
2, 12752479
What are the prime factors of 371870622?
2, 3, 19, 43, 8429
What are the prime factors of 6237135475?
5, 249485419
List the prime factors of 50253668.
2, 12563417
List the prime factors of 44202553.
103, 181, 2371
List the prime factors of 58592944.
2, 1049, 3491
List the prime factors of 556976694.
2, 3, 23, 175481
What are the prime factors of 6314773799?
1709, 3695011
List the prime factors of 1170890273.
7, 47, 101, 167, 211
List the prime factors of 1023623580.
2, 3, 5, 7, 2437199
What are the prime factors of 298601637?
3, 317, 313987
List the prime factors of 372760355.
5, 11, 6777461
List the prime factors of 495343609.
15451, 32059
List the prime factors of 275284169.
439, 627071
List the prime factors of 81618633.
3, 37, 131, 1871
List the prime factors of 4619523241.
4619523241
List the prime factors of 1043264762.
2, 31, 41, 410411
What are the prime factors of 3807859150?
2, 5, 307, 359, 691
What are the prime factors of 1192215248?
2, 7, 43, 247553
What are the prime factors of 201810840?
2, 3, 5, 7, 11, 21841
List the prime factors of 1250117566.
2, 653, 957211
List the prime factors of 987324950.
2, 5, 277, 71287
What are the prime factors of 1769834379?
3, 367, 1607479
List the prime factors of 1940964729.
3, 11, 191, 293, 1051
What are the prime factors of 119720642?
2, 29, 2064149
List the prime factors of 1418349487.
19, 23, 29, 111919
What are the prime factors of 54412293?
3, 13, 1395187
List the prime factors of 66625951.
7, 19, 500947
List the prime factors of 34860785.
5, 73, 149, 641
What are the prime factors of 65636114?
2, 31, 353, 2999
List the prime factors of 125664977.
125664977
What are the prime factors of 324014899?
13, 3329, 7487
What are the prime factors of 74827527?
3, 24942509
What are the prime factors of 39968923?
39968923
What are the prime factors of 418346379?
3, 11, 23, 269, 683
List the prime factors of 532816836.
2, 3, 3527, 12589
List the prime factors of 28929372.
2, 3, 61, 39521
List the prime factors of 111813658.
2, 11, 17, 47, 6361
List the prime factors of 2681394433.
29, 5233, 17669
List the prime factors of 41276716.
2, 13, 47, 16889
List the prime factors of 783476743.
7, 111925249
List the prime factors of 156676732.
2, 39169183
List the prime factors of 514630408.
2, 7757, 8293
What are the prime factors of 27196196?
2, 6799049
List the prime factors of 88701753.
3, 7, 79, 127, 421
List the prime factors of 7072669.
7072669
List the prime factors of 787991691.
3, 262663897
List the prime factors of 111727002.
2, 3, 59, 315613
What are the prime factors of 20312404?
2, 7, 23, 31541
What are the prime factors of 375339730?
2, 5, 179, 209687
List the prime factors of 49732296.
2, 3, 2072179
List the prime factors of 3864923.
19, 203417
What are the prime factors of 49345286?
2, 281, 87803
What are the prime factors of 320781864?
2, 3, 13, 19, 53, 1021
What are the prime factors of 208980020?
2, 5, 73, 143137
List the prime factors of 3318695.
5, 383, 1733
What are the prime factors of 269240122?
2, 277, 485993
List the prime factors of 77874011.
37, 2104703
List the prime factors of 45726277.
17, 23, 83, 1409
What are the prime factors of 63558117?
3, 7, 1008859
What are the prime factors of 703752348?
2, 3, 13, 389, 11597
List the prime factors of 223865127.
3, 563, 4909
List the prime factors of 25995744.
2, 3, 90263
What are the prime factors of 1138103858?
2, 4493, 126653
List the prime factors of 3522784423.
1867, 1886869
What are the prime factors of 52588705?
5, 13, 229, 3533
What are the prime factors of 3927524322?
2, 3, 37, 67, 264053
List the prime factors of 21095515.
5, 7, 602729
List the prime factors of 614355068.
2, 153588767
What are the prime factors of 288484633?
197, 701, 2089
What are the prime factors of 45125214?
2, 3, 197, 38177
What are the prime factors of 6056531854?
2, 29, 43, 2428441
What are the prime factors of 253359463?
7, 3163, 11443
What are the prime factors of 324855572?
2, 31, 397, 6599
List the prime factors of 1463861703.
3, 23, 1999, 10613
What are the prime factors of 186380555?
5, 557, 66923
List the prime factors of 927263420.
2, 5, 46363171
List the prime factors of 55492663.
109, 311, 1637
List the prime factors of 2566171913.
17, 6421, 23509
What are the prime factors of 181321124?
2, 89, 509329
List the prime factors of 161931265.
5, 2347, 13799
What are the prime factors of 281328509?
7, 11, 332147
List the prime factors of 758191832.
2, 67, 983, 1439
What are the prime factors of 2569035?
3, 5, 7, 43, 569
List the prime factors of 56950717.
2473, 23029
List the prime factors of 553863618.
2, 3, 7, 11, 399613
What are the prime factors of 463917308?
2, 115979327
List the prime factors of 10173656.
2, 277, 4591
List the prime factors of 106054974.
2, 3, 1963981
What are the prime factors of 3338562504?
2, 3, 19, 199, 36791
What are the prime factors of 61091176?
2, 7636397
List the prime factors of 12908202.
2, 3, 17, 126551
What are the prime factors of 1715490977?
37, 43, 1078247
What are the prime factors of 817884317?
19, 43046543
List the prime factors of 32212793.
32212793
List the prime factors of 4062934285.
5, 15263, 53239
List the prime factors of 561688289.
409, 1373321
List the prime factors of 1351532458.
2, 675766229
What are the prime factors of 623484884?
2, 11, 14170111
List the prime factors of 1684279641.
3, 11, 17, 3002281
What are the prime factors of 122105319?
3, 7, 229, 25391
List the prime factors of 4080648845.
5, 7, 13, 23, 149, 2617
What are the prime factors of 227881767?
3, 75960589
What are the prime factors of 836382077?
31, 37, 729191
What are the prime factors of 48712892?
2, 61, 181, 1103
List the prime factors of 89835456.
2, 3, 467893
What are the prime factors of 60945421?
1429, 42649
What are the prime factors of 6700946624?
2, 43, 61, 179, 223
List the prime factors of 83762648.
2, 47, 222773
What are the prime factors of 869976535?
5, 59, 83, 35531
List the prime factors of 37117450.
2, 5, 19, 89, 439
List the prime factors of 155257236.
2, 3, 479189
List the prime factors of 2675943053.
7, 59, 809, 8009
What are the prime factors of 3380457346?
2, 7, 241461239
List the prime factors of 15756884.
2, 11, 13, 163
List the prime factors of 37374607.
37374607
What are the prime factors of 124654918?
2, 1583, 39373
List the prime factors of 24986852.
2, 11, 567883
What are the prime factors of 313912214?
2, 7, 11, 59, 34549
What are the prime factors of 230583075?
3, 5, 37, 83093
List the prime factors of 44867546.
2, 317, 70769
What are the prime factors of 45235780?
2, 5, 2261789
What are the prime factors of 177907918?
2, 487, 182657
What are the p